{"id":2670,"date":"2026-04-25T11:25:35","date_gmt":"2026-04-25T09:25:35","guid":{"rendered":"https:\/\/www.machupicchu-ciudadela.com\/libro-y-videos\/"},"modified":"2026-04-25T15:40:21","modified_gmt":"2026-04-25T13:40:21","slug":"libro-y-videos","status":"publish","type":"page","link":"https:\/\/www.machupicchu-ciudadela.com\/es\/libro-y-videos\/","title":{"rendered":"Libro y v\u00eddeos"},"content":{"rendered":"<div class=\"et_pb_section_0 et_pb_section et_section_regular et_block_section preset--module--divi-section--f2212392-b96a-4227-9b9d-7fc75c71ed21\"><span class=\"et-pb-background-video\"><\/span>\n<div class=\"et_pb_row_0 et_pb_row et_block_row preset--module--divi-row--1558413a-cabc-43ae-aee1-915e11673859\">\n<div class=\"et_pb_column_0 et_pb_column et_pb_column_4_4 et-last-child et_block_column et_pb_css_mix_blend_mode_passthrough\">\n<div class=\"et_pb_heading_0 et_pb_heading et_pb_module et_block_module preset--module--divi-heading--119be2d5-1767-41cf-b4e2-2f68ae14059b\"><div class=\"et_pb_heading_container\"><h3 class=\"et_pb_module_header\">Para saber m\u00e1s...<\/h3><\/div><\/div>\n\n<div class=\"et_pb_heading_1 et_pb_heading et_pb_module et_block_module preset--module--divi-heading--a234c78d-a693-48de-badc-1e0490d74382\"><div class=\"et_pb_heading_container\"><h1 class=\"et_pb_module_header\">Libro y v\u00eddeos<\/h1><\/div><\/div>\n<\/div>\n<\/div>\n\n<div class=\"et_pb_row_1 et_pb_row et_flex_row\">\n<div class=\"et_pb_column_1 et_pb_column et-last-child et_flex_column et_pb_css_mix_blend_mode_passthrough et_flex_column_24_24 et_flex_column_24_24_tablet et_flex_column_24_24_phone\">\n<div class=\"et_pb_row_2 et_pb_row et_pb_row_nested et_flex_row preset--module--divi-row--1558413a-cabc-43ae-aee1-915e11673859\">\n<div class=\"et_pb_column_2 et_pb_column et_block_column et_pb_css_mix_blend_mode_passthrough et_clickable et_flex_column_12_24 et_flex_column_12_24_tablet et_flex_column_24_24_phone preset--module--divi-column--9d06fd27-03cf-472f-9797-8b8ba8934f24\">\n<div class=\"et_pb_icon_0 et_pb_icon et_pb_module et_block_module\"><span class=\"et_pb_icon_wrap\"><span class=\"et-pb-icon\">\uf518<\/span><\/span><\/div>\n\n<div class=\"et_pb_heading_2 et_pb_heading et_pb_module et_block_module preset--module--divi-heading--119be2d5-1767-41cf-b4e2-2f68ae14059b\"><div class=\"et_pb_heading_container\"><h4 class=\"et_pb_module_header\">El libro<\/h4><\/div><\/div>\n<\/div>\n\n<div class=\"et_pb_column_3 et_pb_column et_block_column et_pb_css_mix_blend_mode_passthrough et_clickable et_flex_column_12_24 et_flex_column_12_24_tablet et_flex_column_24_24_phone preset--module--divi-column--9d06fd27-03cf-472f-9797-8b8ba8934f24\">\n<div class=\"et_pb_icon_1 et_pb_icon et_pb_module et_block_module\"><span class=\"et_pb_icon_wrap\"><span class=\"et-pb-icon\">\ue024<\/span><\/span><\/div>\n\n<div class=\"et_pb_heading_3 et_pb_heading et_clickable et_pb_module et_block_module preset--module--divi-heading--119be2d5-1767-41cf-b4e2-2f68ae14059b\"><div class=\"et_pb_heading_container\"><h4 class=\"et_pb_module_header\">La historia en v\u00eddeo<\/h4><\/div><\/div>\n<\/div>\n\n<div class=\"et_pb_column_4 et_pb_column et-last-child et_block_column et_pb_css_mix_blend_mode_passthrough et_clickable et_flex_column_12_24 et_flex_column_12_24_tablet et_flex_column_24_24_phone preset--module--divi-column--76998815-672d-40f7-a9e0-4cf95f2d4a2d\">\n<div class=\"et_pb_icon_2 et_pb_icon et_clickable et_pb_module et_block_module\"><span class=\"et_pb_icon_wrap\"><a href=\"https:\/\/www.machupicchu-ciudadela.com\/contact\/\" target=\"\"><span class=\"et-pb-icon\">\ue010<\/span><\/a><\/span><\/div>\n\n<div class=\"et_pb_heading_4 et_pb_heading et_pb_module et_block_module preset--module--divi-heading--119be2d5-1767-41cf-b4e2-2f68ae14059b\"><div class=\"et_pb_heading_container\"><h4 class=\"et_pb_module_header\">Cont\u00e1ctenos<\/h4><\/div><\/div>\n<\/div>\n<\/div>\n<\/div>\n<\/div>\n<\/div>\n\n<div class=\"et_pb_section_1 et_pb_section et_section_regular et_block_section\"><span class=\"et_pb_background_pattern\"><\/span>\n<div class=\"et_pb_row_3 et_pb_row et_flex_row\">\n<div class=\"et_pb_column_5 et_pb_column et_block_column et_pb_css_mix_blend_mode_passthrough et_flex_column_12_24 et_flex_column_12_24_tablet et_flex_column_24_24_phone\">\n<div class=\"et_pb_text_0 et_pb_text et_pb_bg_layout_light et_pb_module et_flex_module\"><div class=\"et_pb_text_inner\"><h2>El libro<\/h2>\n<h4 style=\"text-align: center;\">Machu Picchu y la c\u00e1mara secreta<br \/>por Thierry Jamin.<\/h4>\n<\/div><\/div>\n\n<div class=\"et_pb_module et_pb_button_module_wrapper et_pb_button_0_wrapper\"><a class=\"et_pb_button_0 et_pb_button et_pb_bg_layout_light et_pb_module et_flex_module\" href=\"https:\/\/www.amazon.es\/-\/en\/Machu-Picchu-c%E2%94%9C%C3%ADmara-secreta-Spanish\/dp\/B0942HCG6M\/ref=sr_1_1?crid=2Y9OC8IF6D7EC&#038;dib=eyJ2IjoiMSJ9.3MdoyP_06hCRHheFII9Nsw.NFUbViBOBQ1AnPcCOXUeLoIbZQnlIIuTOBRe7cOfDi4&#038;dib_tag=se&#038;keywords=machu+picchu+y+la+camara+secreta&#038;qid=1775813624&#038;sprefix=machu+picchu+y+la+camara+secreta%2Caps%2C88&#038;sr=8-1&#038;language=es_ES\" target=\"_blank\">Compra el libro<\/a><\/div>\n\n<div class=\"et_pb_image_0 et_pb_image et_pb_module et_flex_module\"><span class=\"et_pb_image_wrap\"><img loading=\"lazy\" decoding=\"async\" src=\"https:\/\/www.machupicchu-ciudadela.com\/wp-content\/uploads\/2026\/04\/2021-04-13-MAPI-ES-couverture.jpg\" alt=\"Maxchu Picchu y la camara secreta por Thierrry Jamin\" title=\"Maxchu Picchu y la camara secreta por Thierrry Jamin\" width=\"504\" height=\"750\" srcset=\"https:\/\/www.machupicchu-ciudadela.com\/wp-content\/uploads\/2026\/04\/2021-04-13-MAPI-ES-couverture.jpg 504w, https:\/\/www.machupicchu-ciudadela.com\/wp-content\/uploads\/2026\/04\/2021-04-13-MAPI-ES-couverture-480x714.jpg 480w\" sizes=\"(min-width: 0px) and (max-width: 480px) 480px, (min-width: 481px) 504px, 100vw\" class=\"wp-image-2676\" \/><\/span><\/div>\n\n<div class=\"et_pb_text_1 et_pb_text et_pb_bg_layout_light et_pb_module et_flex_module\"><div class=\"et_pb_text_inner\"><p>Thierry Jamin, investigador y explorador franc\u00e9s, recorre la selva amaz\u00f3nica del sur de Per\u00fa desde hace m\u00e1s de veinte a\u00f1os, siguiendo las huellas de la ciudad perdida de los incas: la \u00abmirabolante\u00bb ciudad de Paititi. Tras m\u00e1s de una veintena de campa\u00f1as de exploraci\u00f3n en el infierno verde sudamericano, Jamin est\u00e1 convencido de que el descubrimiento de ese legendario Eldorado es inminente. Al regresar de su campa\u00f1a de exploraci\u00f3n de 2011, recibe un extra\u00f1o mensaje de un tal David Crespy. Este franc\u00e9s, afincado en Barcelona, estaba convencido de haber localizado, en el coraz\u00f3n de la ciudadela inca de Machu Picchu, una misteriosa puerta \u00abvisible, pero invisible\u00bb, sellada por los incas desde hac\u00eda casi cinco siglos. Es entonces cuando comienza una historia incre\u00edble, con innumerables giros, que mezcla investigaci\u00f3n cient\u00edfica y rivalidades arqueol\u00f3gicas, con amenazas de muerte de fondo. El resultado: uno de los descubrimientos arqueol\u00f3gicos m\u00e1s importantes de principios del siglo XXI.     <\/p>\n<p><em>204 p\u00e1ginas<br \/>40 fotograf\u00edas e ilustraciones en color<\/em><br \/><em>Publicado por Jungle Doc Productions<\/em><\/p>\n<\/div><\/div>\n\n<div class=\"et_pb_module et_pb_button_module_wrapper et_pb_button_1_wrapper\"><a class=\"et_pb_button_1 et_pb_button et_pb_bg_layout_light et_pb_module et_flex_module\" href=\"https:\/\/www.amazon.es\/-\/en\/Machu-Picchu-c%E2%94%9C%C3%ADmara-secreta-Spanish\/dp\/B0942HCG6M\/ref=sr_1_1?crid=2Y9OC8IF6D7EC&#038;dib=eyJ2IjoiMSJ9.3MdoyP_06hCRHheFII9Nsw.NFUbViBOBQ1AnPcCOXUeLoIbZQnlIIuTOBRe7cOfDi4&#038;dib_tag=se&#038;keywords=machu+picchu+y+la+camara+secreta&#038;qid=1775813624&#038;sprefix=machu+picchu+y+la+camara+secreta%2Caps%2C88&#038;sr=8-1&#038;language=es_ES\" target=\"_blank\">Compra el libro<\/a><\/div>\n<\/div>\n\n<div class=\"et_pb_column_6 et_pb_column et-last-child et_flex_column et_pb_css_mix_blend_mode_passthrough et_flex_column_12_24 et_flex_column_12_24_tablet et_flex_column_24_24_phone\">\n<div class=\"et_pb_text_2 et_pb_text et_pb_bg_layout_light et_pb_module et_flex_module\"><div class=\"et_pb_text_inner\"><h2>Los v\u00eddeos<\/h2>\n<h4 style=\"text-align: center;\">Los \u00faltimos secretos de Machu Picchu<br \/>por Thierry Jamin y Alain Bonnet<\/h4>\n<\/div><\/div>\n\n<div class=\"et_pb_module et_pb_button_module_wrapper et_pb_button_2_wrapper\"><a class=\"et_pb_button_2 et_pb_button et_pb_bg_layout_light et_pb_module et_flex_module\" href=\"https:\/\/vimeo.com\/ondemand\/machupicchues\" target=\"_blank\">Alquilar o comprar en VOD<\/a><\/div>\n\n<div class=\"et_pb_video_0 et_pb_video et_pb_module et_flex_module\"><div class=\"et_pb_video_box\"><iframe loading=\"lazy\" src=\"https:\/\/player.vimeo.com\/video\/815537754?dnt=1&amp;app_id=122963\" width=\"1080\" height=\"608\" frameborder=\"0\" allow=\"autoplay; fullscreen; picture-in-picture; clipboard-write; encrypted-media; web-share\" referrerpolicy=\"strict-origin-when-cross-origin\"><\/iframe><\/div><\/div>\n\n<div class=\"et_pb_text_3 et_pb_text et_pb_bg_layout_light et_pb_module et_flex_module\"><div class=\"et_pb_text_inner\"><p>Este documental, de dos episodios de 1 h 15 min cada uno, narra la historia de un descubrimiento incre\u00edble, realizado en el coraz\u00f3n de uno de los yacimientos arqueol\u00f3gicos m\u00e1s famosos del planeta: Machu Picchu. Al parecer, detr\u00e1s de una puerta obstruida por piedras, bajo uno de los edificios m\u00e1s importantes de la ciudad \u2014el Templo de las Tres Puertas\u2014, se encontrar\u00edan unas c\u00e1maras subterr\u00e1neas, probablemente sepulturas. El documental narra tambi\u00e9n la historia del Imperio inca, la llegada de los conquistadores espa\u00f1oles que provocar\u00eda la ca\u00edda de esta civilizaci\u00f3n y el misterio de la desaparici\u00f3n de todas las momias reales, entre ellas la de Pachac\u00fatec.  <\/p>\n<p>Esta incre\u00edble y rocambolesca historia, llena de giros inesperados, fue seguida en su totalidad y filmada por los c\u00e1maras de Jungle Doc Productions.<\/p>\n<p><em>Una pel\u00edcula de Thierry Jamin, dirigida por Alain Bonnet, con m\u00fasica original de Michel Wiklacz<\/em><br \/><em>Producida por Jungle Doc Productions<\/em><\/p>\n<\/div><\/div>\n\n<div class=\"et_pb_module et_pb_button_module_wrapper et_pb_button_3_wrapper\"><a class=\"et_pb_button_3 et_pb_button et_pb_bg_layout_light et_pb_module et_flex_module\" href=\"https:\/\/vimeo.com\/ondemand\/machupicchues\" target=\"_blank\">Alquilar o comprar en VOD<\/a><\/div>\n<\/div>\n<\/div>\n<\/div>","protected":false},"excerpt":{"rendered":"","protected":false},"author":1,"featured_media":0,"parent":0,"menu_order":0,"comment_status":"closed","ping_status":"closed","template":"","meta":{"_seopress_robots_primary_cat":"","_seopress_titles_title":"Libros y v\u00eddeos bajo demanda","_seopress_titles_desc":"Para saber m\u00e1s sobre esta historia, Jungle Doc Productions ha publicado un libro escrito por Thierry Jamin y una serie de dos v\u00eddeos realizados por Alain Bonnet.","_seopress_robots_index":"","iawp_total_views":0,"footnotes":""},"class_list":["post-2670","page","type-page","status-publish","hentry"],"_links":{"self":[{"href":"https:\/\/www.machupicchu-ciudadela.com\/es\/wp-json\/wp\/v2\/pages\/2670","targetHints":{"allow":["GET"]}}],"collection":[{"href":"https:\/\/www.machupicchu-ciudadela.com\/es\/wp-json\/wp\/v2\/pages"}],"about":[{"href":"https:\/\/www.machupicchu-ciudadela.com\/es\/wp-json\/wp\/v2\/types\/page"}],"author":[{"embeddable":true,"href":"https:\/\/www.machupicchu-ciudadela.com\/es\/wp-json\/wp\/v2\/users\/1"}],"replies":[{"embeddable":true,"href":"https:\/\/www.machupicchu-ciudadela.com\/es\/wp-json\/wp\/v2\/comments?post=2670"}],"version-history":[{"count":0,"href":"https:\/\/www.machupicchu-ciudadela.com\/es\/wp-json\/wp\/v2\/pages\/2670\/revisions"}],"wp:attachment":[{"href":"https:\/\/www.machupicchu-ciudadela.com\/es\/wp-json\/wp\/v2\/media?parent=2670"}],"curies":[{"name":"wp","href":"https:\/\/api.w.org\/{rel}","templated":true}]}}

Libro y vídeos

<div class="et_pb_section_0 et_pb_section et_section_regular et_block_section preset--module--divi-section--f2212392-b96a-4227-9b9d-7fc75c71ed21"><span class="et-pb-background-video"></span>
<div class="et_pb_row_0 et_pb_row et_block_row preset--module--divi-row--1558413a-cabc-43ae-aee1-915e11673859">
<div class="et_pb_column_0 et_pb_column et_pb_column_4_4 et-last-child et_block_column et_pb_css_mix_blend_mode_passthrough">
<div class="et_pb_heading_0 et_pb_heading et_pb_module et_block_module preset--module--divi-heading--119be2d5-1767-41cf-b4e2-2f68ae14059b"><div class="et_pb_heading_container"><h3 class="et_pb_module_header">Para saber más...</h3></div></div>

<div class="et_pb_heading_1 et_pb_heading et_pb_module et_block_module preset--module--divi-heading--a234c78d-a693-48de-badc-1e0490d74382"><div class="et_pb_heading_container"><h1 class="et_pb_module_header">Libro y vídeos</h1></div></div>
</div>
</div>

<div class="et_pb_row_1 et_pb_row et_flex_row">
<div class="et_pb_column_1 et_pb_column et-last-child et_flex_column et_pb_css_mix_blend_mode_passthrough et_flex_column_24_24 et_flex_column_24_24_tablet et_flex_column_24_24_phone">
<div class="et_pb_row_2 et_pb_row et_pb_row_nested et_flex_row preset--module--divi-row--1558413a-cabc-43ae-aee1-915e11673859">
<div class="et_pb_column_2 et_pb_column et_block_column et_pb_css_mix_blend_mode_passthrough et_clickable et_flex_column_12_24 et_flex_column_12_24_tablet et_flex_column_24_24_phone preset--module--divi-column--9d06fd27-03cf-472f-9797-8b8ba8934f24">
<div class="et_pb_icon_0 et_pb_icon et_pb_module et_block_module"><span class="et_pb_icon_wrap"><span class="et-pb-icon"></span></span></div>

<div class="et_pb_heading_2 et_pb_heading et_pb_module et_block_module preset--module--divi-heading--119be2d5-1767-41cf-b4e2-2f68ae14059b"><div class="et_pb_heading_container"><h4 class="et_pb_module_header">El libro</h4></div></div>
</div>

<div class="et_pb_column_3 et_pb_column et_block_column et_pb_css_mix_blend_mode_passthrough et_clickable et_flex_column_12_24 et_flex_column_12_24_tablet et_flex_column_24_24_phone preset--module--divi-column--9d06fd27-03cf-472f-9797-8b8ba8934f24">
<div class="et_pb_icon_1 et_pb_icon et_pb_module et_block_module"><span class="et_pb_icon_wrap"><span class="et-pb-icon"></span></span></div>

<div class="et_pb_heading_3 et_pb_heading et_clickable et_pb_module et_block_module preset--module--divi-heading--119be2d5-1767-41cf-b4e2-2f68ae14059b"><div class="et_pb_heading_container"><h4 class="et_pb_module_header">La historia en vídeo</h4></div></div>
</div>

<div class="et_pb_column_4 et_pb_column et-last-child et_block_column et_pb_css_mix_blend_mode_passthrough et_clickable et_flex_column_12_24 et_flex_column_12_24_tablet et_flex_column_24_24_phone preset--module--divi-column--76998815-672d-40f7-a9e0-4cf95f2d4a2d">
<div class="et_pb_icon_2 et_pb_icon et_clickable et_pb_module et_block_module"><span class="et_pb_icon_wrap"><a href="https://www.machupicchu-ciudadela.com/contact/" target=""><span class="et-pb-icon"></span></a></span></div>

<div class="et_pb_heading_4 et_pb_heading et_pb_module et_block_module preset--module--divi-heading--119be2d5-1767-41cf-b4e2-2f68ae14059b"><div class="et_pb_heading_container"><h4 class="et_pb_module_header">Contáctenos</h4></div></div>
</div>
</div>
</div>
</div>
</div>

<div class="et_pb_section_1 et_pb_section et_section_regular et_block_section"><span class="et_pb_background_pattern"></span>
<div class="et_pb_row_3 et_pb_row et_flex_row">
<div class="et_pb_column_5 et_pb_column et_block_column et_pb_css_mix_blend_mode_passthrough et_flex_column_12_24 et_flex_column_12_24_tablet et_flex_column_24_24_phone">
<div class="et_pb_text_0 et_pb_text et_pb_bg_layout_light et_pb_module et_flex_module"><div class="et_pb_text_inner"><h2>El libro</h2>
<h4 style="text-align: center;">Machu Picchu y la cámara secreta<br />por Thierry Jamin.</h4>
</div></div>

<div class="et_pb_module et_pb_button_module_wrapper et_pb_button_0_wrapper"><a class="et_pb_button_0 et_pb_button et_pb_bg_layout_light et_pb_module et_flex_module" href="https://www.amazon.es/-/en/Machu-Picchu-c%E2%94%9C%C3%ADmara-secreta-Spanish/dp/B0942HCG6M/ref=sr_1_1?crid=2Y9OC8IF6D7EC&#038;dib=eyJ2IjoiMSJ9.3MdoyP_06hCRHheFII9Nsw.NFUbViBOBQ1AnPcCOXUeLoIbZQnlIIuTOBRe7cOfDi4&#038;dib_tag=se&#038;keywords=machu+picchu+y+la+camara+secreta&#038;qid=1775813624&#038;sprefix=machu+picchu+y+la+camara+secreta%2Caps%2C88&#038;sr=8-1&#038;language=es_ES" target="_blank">Compra el libro</a></div>

<div class="et_pb_image_0 et_pb_image et_pb_module et_flex_module"><span class="et_pb_image_wrap"><img loading="lazy" decoding="async" src="https://www.machupicchu-ciudadela.com/wp-content/uploads/2026/04/2021-04-13-MAPI-ES-couverture.jpg" alt="Maxchu Picchu y la camara secreta por Thierrry Jamin" title="Maxchu Picchu y la camara secreta por Thierrry Jamin" width="504" height="750" srcset="https://www.machupicchu-ciudadela.com/wp-content/uploads/2026/04/2021-04-13-MAPI-ES-couverture.jpg 504w, https://www.machupicchu-ciudadela.com/wp-content/uploads/2026/04/2021-04-13-MAPI-ES-couverture-480x714.jpg 480w" sizes="(min-width: 0px) and (max-width: 480px) 480px, (min-width: 481px) 504px, 100vw" class="wp-image-2676" /></span></div>

<div class="et_pb_text_1 et_pb_text et_pb_bg_layout_light et_pb_module et_flex_module"><div class="et_pb_text_inner"><p>Thierry Jamin, investigador y explorador francés, recorre la selva amazónica del sur de Perú desde hace más de veinte años, siguiendo las huellas de la ciudad perdida de los incas: la «mirabolante» ciudad de Paititi. Tras más de una veintena de campañas de exploración en el infierno verde sudamericano, Jamin está convencido de que el descubrimiento de ese legendario Eldorado es inminente. Al regresar de su campaña de exploración de 2011, recibe un extraño mensaje de un tal David Crespy. Este francés, afincado en Barcelona, estaba convencido de haber localizado, en el corazón de la ciudadela inca de Machu Picchu, una misteriosa puerta «visible, pero invisible», sellada por los incas desde hacía casi cinco siglos. Es entonces cuando comienza una historia increíble, con innumerables giros, que mezcla investigación científica y rivalidades arqueológicas, con amenazas de muerte de fondo. El resultado: uno de los descubrimientos arqueológicos más importantes de principios del siglo XXI.     </p>
<p><em>204 páginas<br />40 fotografías e ilustraciones en color</em><br /><em>Publicado por Jungle Doc Productions</em></p>
</div></div>

<div class="et_pb_module et_pb_button_module_wrapper et_pb_button_1_wrapper"><a class="et_pb_button_1 et_pb_button et_pb_bg_layout_light et_pb_module et_flex_module" href="https://www.amazon.es/-/en/Machu-Picchu-c%E2%94%9C%C3%ADmara-secreta-Spanish/dp/B0942HCG6M/ref=sr_1_1?crid=2Y9OC8IF6D7EC&#038;dib=eyJ2IjoiMSJ9.3MdoyP_06hCRHheFII9Nsw.NFUbViBOBQ1AnPcCOXUeLoIbZQnlIIuTOBRe7cOfDi4&#038;dib_tag=se&#038;keywords=machu+picchu+y+la+camara+secreta&#038;qid=1775813624&#038;sprefix=machu+picchu+y+la+camara+secreta%2Caps%2C88&#038;sr=8-1&#038;language=es_ES" target="_blank">Compra el libro</a></div>
</div>

<div class="et_pb_column_6 et_pb_column et-last-child et_flex_column et_pb_css_mix_blend_mode_passthrough et_flex_column_12_24 et_flex_column_12_24_tablet et_flex_column_24_24_phone">
<div class="et_pb_text_2 et_pb_text et_pb_bg_layout_light et_pb_module et_flex_module"><div class="et_pb_text_inner"><h2>Los vídeos</h2>
<h4 style="text-align: center;">Los últimos secretos de Machu Picchu<br />por Thierry Jamin y Alain Bonnet</h4>
</div></div>

<div class="et_pb_module et_pb_button_module_wrapper et_pb_button_2_wrapper"><a class="et_pb_button_2 et_pb_button et_pb_bg_layout_light et_pb_module et_flex_module" href="https://vimeo.com/ondemand/machupicchues" target="_blank">Alquilar o comprar en VOD</a></div>

<div class="et_pb_video_0 et_pb_video et_pb_module et_flex_module"><div class="et_pb_video_box"><iframe loading="lazy" src="https://player.vimeo.com/video/815537754?dnt=1&amp;app_id=122963" width="1080" height="608" frameborder="0" allow="autoplay; fullscreen; picture-in-picture; clipboard-write; encrypted-media; web-share" referrerpolicy="strict-origin-when-cross-origin"></iframe></div></div>

<div class="et_pb_text_3 et_pb_text et_pb_bg_layout_light et_pb_module et_flex_module"><div class="et_pb_text_inner"><p>Este documental, de dos episodios de 1 h 15 min cada uno, narra la historia de un descubrimiento increíble, realizado en el corazón de uno de los yacimientos arqueológicos más famosos del planeta: Machu Picchu. Al parecer, detrás de una puerta obstruida por piedras, bajo uno de los edificios más importantes de la ciudad —el Templo de las Tres Puertas—, se encontrarían unas cámaras subterráneas, probablemente sepulturas. El documental narra también la historia del Imperio inca, la llegada de los conquistadores españoles que provocaría la caída de esta civilización y el misterio de la desaparición de todas las momias reales, entre ellas la de Pachacútec.  </p>
<p>Esta increíble y rocambolesca historia, llena de giros inesperados, fue seguida en su totalidad y filmada por los cámaras de Jungle Doc Productions.</p>
<p><em>Una película de Thierry Jamin, dirigida por Alain Bonnet, con música original de Michel Wiklacz</em><br /><em>Producida por Jungle Doc Productions</em></p>
</div></div>

<div class="et_pb_module et_pb_button_module_wrapper et_pb_button_3_wrapper"><a class="et_pb_button_3 et_pb_button et_pb_bg_layout_light et_pb_module et_flex_module" href="https://vimeo.com/ondemand/machupicchues" target="_blank">Alquilar o comprar en VOD</a></div>
</div>
</div>
</div>

Libros y vídeos bajo demanda

Para saber más sobre esta historia, Jungle Doc Productions ha publicado un libro escrito por Thierry Jamin y una serie de dos vídeos realizados por Alain Bonnet.
