{"id":2397,"date":"2025-12-17T09:21:56","date_gmt":"2025-12-17T08:21:56","guid":{"rendered":"https:\/\/www.machupicchu-ciudadela.com\/amenazas-de-muerte\/"},"modified":"2026-04-26T16:47:33","modified_gmt":"2026-04-26T14:47:33","slug":"amenazas-de-muerte","status":"publish","type":"page","link":"https:\/\/www.machupicchu-ciudadela.com\/es\/amenazas-de-muerte\/","title":{"rendered":"Amenazas de muerte"},"content":{"rendered":"<div class=\"et_pb_section_0 et_pb_section et_section_regular et_block_section preset--module--divi-section--f2212392-b96a-4227-9b9d-7fc75c71ed21\"><span class=\"et-pb-background-video\"><\/span>\n<div class=\"et_pb_row_0 et_pb_row et_block_row preset--module--divi-row--1558413a-cabc-43ae-aee1-915e11673859\">\n<div class=\"et_pb_column_0 et_pb_column et_pb_column_4_4 et-last-child et_block_column et_pb_css_mix_blend_mode_passthrough\">\n<div class=\"et_pb_heading_0 et_pb_heading et_pb_module et_block_module preset--module--divi-heading--119be2d5-1767-41cf-b4e2-2f68ae14059b\"><div class=\"et_pb_heading_container\"><h4 class=\"et_pb_module_header\"> Y ahora, peor que las intimidaciones<\/h4><\/div><\/div>\n\n<div class=\"et_pb_heading_1 et_pb_heading et_pb_module et_block_module preset--module--divi-heading--90e142ce-bc18-4c52-8803-8f57fece6c4f\"><div class=\"et_pb_heading_container\"><h1 class=\"et_pb_module_header\">Amenazas de muerte<\/h1><\/div><\/div>\n<\/div>\n<\/div>\n\n<div class=\"et_pb_row_1 et_pb_row et_flex_row\">\n<div class=\"et_pb_column_1 et_pb_column et-last-child et_flex_column et_pb_css_mix_blend_mode_passthrough et_flex_column_24_24 et_flex_column_24_24_tablet et_flex_column_24_24_phone\">\n<div class=\"et_pb_row_2 et_pb_row et_pb_row_nested et_flex_row preset--module--divi-row--1558413a-cabc-43ae-aee1-915e11673859\">\n<div class=\"et_pb_column_2 et_pb_column et_block_column et_pb_css_mix_blend_mode_passthrough et_clickable et_flex_column_12_24 et_flex_column_12_24_tablet et_flex_column_24_24_phone preset--module--divi-column--9d06fd27-03cf-472f-9797-8b8ba8934f24\">\n<div class=\"et_pb_icon_0 et_pb_icon et_pb_module et_block_module\"><span class=\"et_pb_icon_wrap\"><span class=\"et-pb-icon\">\uf518<\/span><\/span><\/div>\n\n<div class=\"et_pb_heading_2 et_pb_heading et_pb_module et_block_module preset--module--divi-heading--119be2d5-1767-41cf-b4e2-2f68ae14059b\"><div class=\"et_pb_heading_container\"><h4 class=\"et_pb_module_header\">El libro<\/h4><\/div><\/div>\n<\/div>\n\n<div class=\"et_pb_column_3 et_pb_column et_block_column et_pb_css_mix_blend_mode_passthrough et_clickable et_flex_column_12_24 et_flex_column_12_24_tablet et_flex_column_24_24_phone preset--module--divi-column--9d06fd27-03cf-472f-9797-8b8ba8934f24\">\n<div class=\"et_pb_icon_1 et_pb_icon et_pb_module et_block_module\"><span class=\"et_pb_icon_wrap\"><span class=\"et-pb-icon\">\ue024<\/span><\/span><\/div>\n\n<div class=\"et_pb_heading_3 et_pb_heading et_clickable et_pb_module et_block_module preset--module--divi-heading--119be2d5-1767-41cf-b4e2-2f68ae14059b\"><div class=\"et_pb_heading_container\"><h4 class=\"et_pb_module_header\">La historia en v\u00eddeo<\/h4><\/div><\/div>\n<\/div>\n\n<div class=\"et_pb_column_4 et_pb_column et-last-child et_block_column et_pb_css_mix_blend_mode_passthrough et_clickable et_flex_column_12_24 et_flex_column_12_24_tablet et_flex_column_24_24_phone preset--module--divi-column--76998815-672d-40f7-a9e0-4cf95f2d4a2d\">\n<div class=\"et_pb_icon_2 et_pb_icon et_clickable et_pb_module et_block_module\"><span class=\"et_pb_icon_wrap\"><a href=\"https:\/\/www.machupicchu-ciudadela.com\/contact\/\" target=\"\"><span class=\"et-pb-icon\">\ue010<\/span><\/a><\/span><\/div>\n\n<div class=\"et_pb_heading_4 et_pb_heading et_pb_module et_block_module preset--module--divi-heading--119be2d5-1767-41cf-b4e2-2f68ae14059b\"><div class=\"et_pb_heading_container\"><h4 class=\"et_pb_module_header\">Cont\u00e1ctenos<\/h4><\/div><\/div>\n<\/div>\n<\/div>\n<\/div>\n<\/div>\n<\/div>\n\n<div class=\"et_pb_section_1 et_pb_section et_section_regular et_flex_section\"><span class=\"et_pb_background_pattern\"><\/span>\n<div class=\"et_pb_row_3 et_pb_row et_flex_row\">\n<div class=\"et_pb_column_5 et_pb_column et-last-child et_flex_column et_pb_css_mix_blend_mode_passthrough et_flex_column_24_24 et_flex_column_24_24_tablet et_flex_column_24_24_phone\">\n<div class=\"et_pb_row_4 et_pb_row et_pb_row_nested et_flex_row\">\n<div class=\"et_pb_column_6 et_pb_column et-last-child et_flex_column et_pb_css_mix_blend_mode_passthrough et_flex_column_24_24 et_flex_column_24_24_tablet et_flex_column_24_24_phone\">\n<div class=\"et_pb_text_0 et_pb_text et_pb_bg_layout_light et_pb_module et_flex_module chapo\"><span class=\"et_pb_background_pattern\"><\/span><div class=\"et_pb_text_inner\"><p>Despu\u00e9s de semanas de pol\u00e9mica en Per\u00fa por parte de algunos medios locales y los responsables de la Direcci\u00f3n Regional de Cultura - Cusco y del Santuario Nacional Hist\u00f3rico de Machu Picchu, Thierry Jamin recibi\u00f3 amenazas de muerte en su domicilio el martes 26 de febrero de 2013.<\/p>\n<\/div><\/div>\n<\/div>\n<\/div>\n<\/div>\n<\/div>\n\n<div class=\"et_pb_row_5 et_pb_row et_flex_row\">\n<div class=\"et_pb_column_7 et_pb_column et_flex_column et_pb_css_mix_blend_mode_passthrough et_flex_column_3_5 et_flex_column_3_5_tablet et_flex_column_24_24_phone\">\n<div class=\"et_pb_text_1 et_pb_text et_pb_bg_layout_dark et_pb_module et_flex_module\"><div class=\"et_pb_text_inner\"><p>Thierry Jamin descubre una carta an\u00f3nima colada bajo su puerta y que contiene una advertencia sin ambig\u00fcedad: \"Te van a matar. \u00a1Go out!\".<\/p>\n<\/div><\/div>\n\n<div class=\"et_pb_image_0 et_pb_image et_pb_module et_flex_module\"><span class=\"et_pb_image_wrap\"><img loading=\"lazy\" decoding=\"async\" src=\"https:\/\/www.machupicchu-ciudadela.com\/wp-content\/uploads\/2025\/12\/enveloppe.jpg\" alt=\"Sobre que contiene amenazas de muerte\" title=\"Sobre que contiene amenazas de muerte\" width=\"1000\" height=\"641\" srcset=\"https:\/\/www.machupicchu-ciudadela.com\/wp-content\/uploads\/2025\/12\/enveloppe.jpg 1000w, https:\/\/www.machupicchu-ciudadela.com\/wp-content\/uploads\/2025\/12\/enveloppe-980x628.jpg 980w, https:\/\/www.machupicchu-ciudadela.com\/wp-content\/uploads\/2025\/12\/enveloppe-480x308.jpg 480w\" sizes=\"(min-width: 0px) and (max-width: 480px) 480px, (min-width: 481px) and (max-width: 980px) 980px, (min-width: 981px) 1000px, 100vw\" class=\"wp-image-1039\" \/><\/span><\/div>\n<\/div>\n\n<div class=\"et_pb_column_8 et_pb_column et-last-child et_flex_column et_pb_css_mix_blend_mode_passthrough et_animated et_flex_column_2_5 et_flex_column_2_5_tablet et_flex_column_24_24_phone\">\n<div class=\"et_pb_image_1 et_pb_image et_pb_module et_flex_module\"><span class=\"et_pb_image_wrap\"><img loading=\"lazy\" decoding=\"async\" src=\"https:\/\/www.machupicchu-ciudadela.com\/wp-content\/uploads\/2025\/12\/menace-de-mort.jpg\" alt=\"Amenaza de muerte recibida por Thierry Jamin\" title=\"Amenaza de muerte recibida por Thierry Jamin\" width=\"800\" height=\"1125\" srcset=\"https:\/\/www.machupicchu-ciudadela.com\/wp-content\/uploads\/2025\/12\/menace-de-mort.jpg 800w, https:\/\/www.machupicchu-ciudadela.com\/wp-content\/uploads\/2025\/12\/menace-de-mort-480x675.jpg 480w\" sizes=\"(min-width: 0px) and (max-width: 480px) 480px, (min-width: 481px) 800px, 100vw\" class=\"wp-image-635\" \/><\/span><\/div>\n<\/div>\n<\/div>\n\n<div class=\"et_pb_row_6 et_pb_row et_flex_row\">\n<div class=\"et_pb_column_9 et_pb_column et_flex_column et_pb_css_mix_blend_mode_passthrough et_flex_column_16_24 et_flex_column_16_24_tablet et_flex_column_24_24_phone\">\n<div class=\"et_pb_text_2 et_pb_text et_pb_bg_layout_dark et_pb_module et_flex_module\"><div class=\"et_pb_text_inner\"><h2>Algunos medios hablan de las amenazas de muerte recibidas por Thierry Jamin<\/h2>\n<p>El 28 de febrero de 2013, el peri\u00f3dico <span style=\"color: #ff0000;\"><em><strong>El diario el Sol del Cusco<\/strong><\/em><\/span> reacciona a estas amenazas y titula en primera p\u00e1gina \"Thierry Jamin recibi\u00f3 amenazas de muerte. El arque\u00f3logo franc\u00e9s recibi\u00f3 un mensaje en un sobre kraft.\" En un art\u00edculo, difundido luego en la p\u00e1gina 2, el periodista Jonathan Carlos C. vuelve sobre este nuevo giro del \"caso Machu Picchu\". Una foto en blanco y negro muestra a Thierry Jamin sosteniendo en su mano el documento an\u00f3nimo, seguido de una leyenda bastante lac\u00f3nica: \"El turista denunci\u00f3 la amenaza para obtener garant\u00edas para su vida\".  <\/p>\n<h3>Despu\u00e9s de las amenazas de muerte, Thierry Jamin acude a la justicia del Per\u00fa<\/h3>\n<p>Pocos d\u00edas despu\u00e9s, Jamin informa a la Polic\u00eda Nacional de Cusco (distrito de Santiago) sobre este documento an\u00f3nimo. La polic\u00eda tomar\u00e1 el caso lo suficientemente en serio como para poner al investigador franc\u00e9s bajo protecci\u00f3n policial durante varias semanas. Tambi\u00e9n lanzar\u00e1 varias investigaciones con el fin de encontrar al autor de las amenazas. En vano. El caso se qued\u00f3 all\u00ed y fue cerrado sin m\u00e1s detalles unos meses despu\u00e9s.    <\/p>\n<p>En marzo de 2013, respondiendo a los incesantes ataques por parte de medios de comunicaci\u00f3n de los responsables de la Direcci\u00f3n Regional de Cultura - Cusco y del Santuario Nacional Hist\u00f3rico de Machu Picchu, Thierry Jamin se vio obligado a recurrir a la justicia contra estas calumnias y difamaciones repetidas diariamente.<\/p>\n<\/div><\/div>\n<\/div>\n\n<div class=\"et_pb_column_10 et_pb_column et-last-child et_flex_column et_pb_css_mix_blend_mode_passthrough et_animated et_flex_column_8_24 et_flex_column_8_24_tablet et_flex_column_24_24_phone\">\n<div class=\"et_pb_blurb_0 et_pb_blurb et_pb_bg_layout_light et_pb_blurb_position_top et_pb_module et_flex_module\"><div class=\"et_pb_blurb_content et_flex_module\"><div class=\"et_pb_main_blurb_image\"><span class=\"et_pb_image_wrap et_pb_only_image_mode_wrap\"><img loading=\"lazy\" decoding=\"async\" src=\"https:\/\/www.machupicchu-ciudadela.com\/wp-content\/uploads\/2025\/12\/2013-03-01-EL-SOL-1.jpg\" alt=\"El Diario el Solo del Cusco\" width=\"300\" height=\"424\" srcset=\"https:\/\/www.machupicchu-ciudadela.com\/wp-content\/uploads\/2025\/12\/2013-03-01-EL-SOL-1.jpg 300w, https:\/\/www.machupicchu-ciudadela.com\/wp-content\/uploads\/2025\/12\/2013-03-01-EL-SOL-1-212x300.jpg 212w\" sizes=\"(max-width: 300px) 100vw, 300px\" class=\"et_animated wp-image-637\" title=\"El Diario el Solo del Cusco\" \/><\/span><\/div><div class=\"et_pb_blurb_container\"><h4 class=\"et_pb_module_header\">El Diario el Solo del Cusco<\/h4><div class=\"et_pb_blurb_description\"><p>28 de febrero de 2013<\/p>\n<\/div><\/div>\n<div class=\"et_pb_module et_pb_button_module_wrapper et_pb_button_0_wrapper\"><a class=\"et_pb_button_0 et_pb_button et_pb_bg_layout_light et_pb_module et_flex_module\" href=\"https:\/\/www.machupicchu-ciudadela.com\/wp-content\/uploads\/2025\/12\/2013-03-01-EL-SOL.pdf\" target=\"_blank\">Ver<\/a><\/div>\n<\/div><\/div>\n<\/div>\n<\/div>\n\n<div class=\"et_pb_row_7 et_pb_row et_flex_row\">\n<div class=\"et_pb_column_11 et_pb_column et_flex_column et_pb_css_mix_blend_mode_passthrough et_flex_column_12_24 et_flex_column_12_24_tablet et_flex_column_24_24_phone\">\n<div class=\"et_pb_text_3 et_pb_text et_pb_bg_layout_light et_pb_module et_flex_module\"><div class=\"et_pb_text_inner\"><p>Una nueva pol\u00e9mica basada en mentiras a nivel ministerial est\u00e1 a punto de estallar: \u00a1<a href=\"https:\/\/www.machupicchu-ciudadela.com\/es\/thierry-jamin-no-tendria-titulos\/\">Thierry Jamin supuestamente no estudi\u00f3<\/a>!<\/p>\n<\/div><\/div>\n<\/div>\n\n<div class=\"et_pb_column_12 et_pb_column et-last-child et_flex_column et_pb_css_mix_blend_mode_passthrough et_flex_column_12_24 et_flex_column_12_24_tablet et_flex_column_24_24_phone\">\n<div class=\"et_pb_row_8 et_pb_row et_pb_row_nested et_flex_row\">\n<div class=\"et_pb_column_13 et_pb_column et-last-child et_flex_column et_pb_css_mix_blend_mode_passthrough et_flex_column_24_24 et_flex_column_24_24_tablet et_flex_column_24_24_phone\">\n<div class=\"et_pb_module et_pb_button_module_wrapper et_pb_button_1_wrapper\"><a class=\"et_pb_button_1 et_pb_button et_pb_bg_layout_light et_animated et_pb_module et_flex_module\" href=\"https:\/\/www.machupicchu-ciudadela.com\/es\/thierry-jamin-no-tendria-titulos\/\">Leer m\u00e1s: Al parecer, Thierry Jamin no tiene t\u00edtulos acad\u00e9micos<\/a><\/div>\n<\/div>\n<\/div>\n<\/div>\n<\/div>\n<\/div>","protected":false},"excerpt":{"rendered":"","protected":false},"author":1,"featured_media":0,"parent":0,"menu_order":8,"comment_status":"closed","ping_status":"closed","template":"","meta":{"_seopress_robots_primary_cat":"","_seopress_titles_title":"Amenazas de muerte contra Thierry Jamin - Machu Picchu","_seopress_titles_desc":"Despu\u00e9s de semanas de controversia, Thierry Jamin recibi\u00f3 amenazas de muerte en su casa el martes 26 de febrero de 2013.","_seopress_robots_index":"","iawp_total_views":0,"footnotes":""},"class_list":["post-2397","page","type-page","status-publish","hentry"],"_links":{"self":[{"href":"https:\/\/www.machupicchu-ciudadela.com\/es\/wp-json\/wp\/v2\/pages\/2397","targetHints":{"allow":["GET"]}}],"collection":[{"href":"https:\/\/www.machupicchu-ciudadela.com\/es\/wp-json\/wp\/v2\/pages"}],"about":[{"href":"https:\/\/www.machupicchu-ciudadela.com\/es\/wp-json\/wp\/v2\/types\/page"}],"author":[{"embeddable":true,"href":"https:\/\/www.machupicchu-ciudadela.com\/es\/wp-json\/wp\/v2\/users\/1"}],"replies":[{"embeddable":true,"href":"https:\/\/www.machupicchu-ciudadela.com\/es\/wp-json\/wp\/v2\/comments?post=2397"}],"version-history":[{"count":0,"href":"https:\/\/www.machupicchu-ciudadela.com\/es\/wp-json\/wp\/v2\/pages\/2397\/revisions"}],"wp:attachment":[{"href":"https:\/\/www.machupicchu-ciudadela.com\/es\/wp-json\/wp\/v2\/media?parent=2397"}],"curies":[{"name":"wp","href":"https:\/\/api.w.org\/{rel}","templated":true}]}}

<div class="et_pb_section_0 et_pb_section et_section_regular et_block_section preset--module--divi-section--f2212392-b96a-4227-9b9d-7fc75c71ed21"><span class="et-pb-background-video"></span>
<div class="et_pb_row_0 et_pb_row et_block_row preset--module--divi-row--1558413a-cabc-43ae-aee1-915e11673859">
<div class="et_pb_column_0 et_pb_column et_pb_column_4_4 et-last-child et_block_column et_pb_css_mix_blend_mode_passthrough">
<div class="et_pb_heading_0 et_pb_heading et_pb_module et_block_module preset--module--divi-heading--119be2d5-1767-41cf-b4e2-2f68ae14059b"><div class="et_pb_heading_container"><h4 class="et_pb_module_header"> Y ahora, peor que las intimidaciones</h4></div></div>

<div class="et_pb_heading_1 et_pb_heading et_pb_module et_block_module preset--module--divi-heading--90e142ce-bc18-4c52-8803-8f57fece6c4f"><div class="et_pb_heading_container"><h1 class="et_pb_module_header">Amenazas de muerte</h1></div></div>
</div>
</div>

<div class="et_pb_row_1 et_pb_row et_flex_row">
<div class="et_pb_column_1 et_pb_column et-last-child et_flex_column et_pb_css_mix_blend_mode_passthrough et_flex_column_24_24 et_flex_column_24_24_tablet et_flex_column_24_24_phone">
<div class="et_pb_row_2 et_pb_row et_pb_row_nested et_flex_row preset--module--divi-row--1558413a-cabc-43ae-aee1-915e11673859">
<div class="et_pb_column_2 et_pb_column et_block_column et_pb_css_mix_blend_mode_passthrough et_clickable et_flex_column_12_24 et_flex_column_12_24_tablet et_flex_column_24_24_phone preset--module--divi-column--9d06fd27-03cf-472f-9797-8b8ba8934f24">
<div class="et_pb_icon_0 et_pb_icon et_pb_module et_block_module"><span class="et_pb_icon_wrap"><span class="et-pb-icon"></span></span></div>

<div class="et_pb_heading_2 et_pb_heading et_pb_module et_block_module preset--module--divi-heading--119be2d5-1767-41cf-b4e2-2f68ae14059b"><div class="et_pb_heading_container"><h4 class="et_pb_module_header">El libro</h4></div></div>
</div>

<div class="et_pb_column_3 et_pb_column et_block_column et_pb_css_mix_blend_mode_passthrough et_clickable et_flex_column_12_24 et_flex_column_12_24_tablet et_flex_column_24_24_phone preset--module--divi-column--9d06fd27-03cf-472f-9797-8b8ba8934f24">
<div class="et_pb_icon_1 et_pb_icon et_pb_module et_block_module"><span class="et_pb_icon_wrap"><span class="et-pb-icon"></span></span></div>

<div class="et_pb_heading_3 et_pb_heading et_clickable et_pb_module et_block_module preset--module--divi-heading--119be2d5-1767-41cf-b4e2-2f68ae14059b"><div class="et_pb_heading_container"><h4 class="et_pb_module_header">La historia en vídeo</h4></div></div>
</div>

<div class="et_pb_column_4 et_pb_column et-last-child et_block_column et_pb_css_mix_blend_mode_passthrough et_clickable et_flex_column_12_24 et_flex_column_12_24_tablet et_flex_column_24_24_phone preset--module--divi-column--76998815-672d-40f7-a9e0-4cf95f2d4a2d">
<div class="et_pb_icon_2 et_pb_icon et_clickable et_pb_module et_block_module"><span class="et_pb_icon_wrap"><a href="https://www.machupicchu-ciudadela.com/contact/" target=""><span class="et-pb-icon"></span></a></span></div>

<div class="et_pb_heading_4 et_pb_heading et_pb_module et_block_module preset--module--divi-heading--119be2d5-1767-41cf-b4e2-2f68ae14059b"><div class="et_pb_heading_container"><h4 class="et_pb_module_header">Contáctenos</h4></div></div>
</div>
</div>
</div>
</div>
</div>

<div class="et_pb_section_1 et_pb_section et_section_regular et_flex_section"><span class="et_pb_background_pattern"></span>
<div class="et_pb_row_3 et_pb_row et_flex_row">
<div class="et_pb_column_5 et_pb_column et-last-child et_flex_column et_pb_css_mix_blend_mode_passthrough et_flex_column_24_24 et_flex_column_24_24_tablet et_flex_column_24_24_phone">
<div class="et_pb_row_4 et_pb_row et_pb_row_nested et_flex_row">
<div class="et_pb_column_6 et_pb_column et-last-child et_flex_column et_pb_css_mix_blend_mode_passthrough et_flex_column_24_24 et_flex_column_24_24_tablet et_flex_column_24_24_phone">
<div class="et_pb_text_0 et_pb_text et_pb_bg_layout_light et_pb_module et_flex_module chapo"><span class="et_pb_background_pattern"></span><div class="et_pb_text_inner"><p>Después de semanas de polémica en Perú por parte de algunos medios locales y los responsables de la Dirección Regional de Cultura - Cusco y del Santuario Nacional Histórico de Machu Picchu, Thierry Jamin recibió amenazas de muerte en su domicilio el martes 26 de febrero de 2013.</p>
</div></div>
</div>
</div>
</div>
</div>

<div class="et_pb_row_5 et_pb_row et_flex_row">
<div class="et_pb_column_7 et_pb_column et_flex_column et_pb_css_mix_blend_mode_passthrough et_flex_column_3_5 et_flex_column_3_5_tablet et_flex_column_24_24_phone">
<div class="et_pb_text_1 et_pb_text et_pb_bg_layout_dark et_pb_module et_flex_module"><div class="et_pb_text_inner"><p>Thierry Jamin descubre una carta anónima colada bajo su puerta y que contiene una advertencia sin ambigüedad: "Te van a matar. ¡Go out!".</p>
</div></div>

<div class="et_pb_image_0 et_pb_image et_pb_module et_flex_module"><span class="et_pb_image_wrap"><img loading="lazy" decoding="async" src="https://www.machupicchu-ciudadela.com/wp-content/uploads/2025/12/enveloppe.jpg" alt="Sobre que contiene amenazas de muerte" title="Sobre que contiene amenazas de muerte" width="1000" height="641" srcset="https://www.machupicchu-ciudadela.com/wp-content/uploads/2025/12/enveloppe.jpg 1000w, https://www.machupicchu-ciudadela.com/wp-content/uploads/2025/12/enveloppe-980x628.jpg 980w, https://www.machupicchu-ciudadela.com/wp-content/uploads/2025/12/enveloppe-480x308.jpg 480w" sizes="(min-width: 0px) and (max-width: 480px) 480px, (min-width: 481px) and (max-width: 980px) 980px, (min-width: 981px) 1000px, 100vw" class="wp-image-1039" /></span></div>
</div>

<div class="et_pb_column_8 et_pb_column et-last-child et_flex_column et_pb_css_mix_blend_mode_passthrough et_animated et_flex_column_2_5 et_flex_column_2_5_tablet et_flex_column_24_24_phone">
<div class="et_pb_image_1 et_pb_image et_pb_module et_flex_module"><span class="et_pb_image_wrap"><img loading="lazy" decoding="async" src="https://www.machupicchu-ciudadela.com/wp-content/uploads/2025/12/menace-de-mort.jpg" alt="Amenaza de muerte recibida por Thierry Jamin" title="Amenaza de muerte recibida por Thierry Jamin" width="800" height="1125" srcset="https://www.machupicchu-ciudadela.com/wp-content/uploads/2025/12/menace-de-mort.jpg 800w, https://www.machupicchu-ciudadela.com/wp-content/uploads/2025/12/menace-de-mort-480x675.jpg 480w" sizes="(min-width: 0px) and (max-width: 480px) 480px, (min-width: 481px) 800px, 100vw" class="wp-image-635" /></span></div>
</div>
</div>

<div class="et_pb_row_6 et_pb_row et_flex_row">
<div class="et_pb_column_9 et_pb_column et_flex_column et_pb_css_mix_blend_mode_passthrough et_flex_column_16_24 et_flex_column_16_24_tablet et_flex_column_24_24_phone">
<div class="et_pb_text_2 et_pb_text et_pb_bg_layout_dark et_pb_module et_flex_module"><div class="et_pb_text_inner"><h2>Algunos medios hablan de las amenazas de muerte recibidas por Thierry Jamin</h2>
<p>El 28 de febrero de 2013, el periódico <span style="color: #ff0000;"><em><strong>El diario el Sol del Cusco</strong></em></span> reacciona a estas amenazas y titula en primera página "Thierry Jamin recibió amenazas de muerte. El arqueólogo francés recibió un mensaje en un sobre kraft." En un artículo, difundido luego en la página 2, el periodista Jonathan Carlos C. vuelve sobre este nuevo giro del "caso Machu Picchu". Una foto en blanco y negro muestra a Thierry Jamin sosteniendo en su mano el documento anónimo, seguido de una leyenda bastante lacónica: "El turista denunció la amenaza para obtener garantías para su vida".  </p>
<h3>Después de las amenazas de muerte, Thierry Jamin acude a la justicia del Perú</h3>
<p>Pocos días después, Jamin informa a la Policía Nacional de Cusco (distrito de Santiago) sobre este documento anónimo. La policía tomará el caso lo suficientemente en serio como para poner al investigador francés bajo protección policial durante varias semanas. También lanzará varias investigaciones con el fin de encontrar al autor de las amenazas. En vano. El caso se quedó allí y fue cerrado sin más detalles unos meses después.    </p>
<p>En marzo de 2013, respondiendo a los incesantes ataques por parte de medios de comunicación de los responsables de la Dirección Regional de Cultura - Cusco y del Santuario Nacional Histórico de Machu Picchu, Thierry Jamin se vio obligado a recurrir a la justicia contra estas calumnias y difamaciones repetidas diariamente.</p>
</div></div>
</div>

<div class="et_pb_column_10 et_pb_column et-last-child et_flex_column et_pb_css_mix_blend_mode_passthrough et_animated et_flex_column_8_24 et_flex_column_8_24_tablet et_flex_column_24_24_phone">
<div class="et_pb_blurb_0 et_pb_blurb et_pb_bg_layout_light et_pb_blurb_position_top et_pb_module et_flex_module"><div class="et_pb_blurb_content et_flex_module"><div class="et_pb_main_blurb_image"><span class="et_pb_image_wrap et_pb_only_image_mode_wrap"><img loading="lazy" decoding="async" src="https://www.machupicchu-ciudadela.com/wp-content/uploads/2025/12/2013-03-01-EL-SOL-1.jpg" alt="El Diario el Solo del Cusco" width="300" height="424" srcset="https://www.machupicchu-ciudadela.com/wp-content/uploads/2025/12/2013-03-01-EL-SOL-1.jpg 300w, https://www.machupicchu-ciudadela.com/wp-content/uploads/2025/12/2013-03-01-EL-SOL-1-212x300.jpg 212w" sizes="(max-width: 300px) 100vw, 300px" class="et_animated wp-image-637" title="El Diario el Solo del Cusco" /></span></div><div class="et_pb_blurb_container"><h4 class="et_pb_module_header">El Diario el Solo del Cusco</h4><div class="et_pb_blurb_description"><p>28 de febrero de 2013</p>
</div></div>
<div class="et_pb_module et_pb_button_module_wrapper et_pb_button_0_wrapper"><a class="et_pb_button_0 et_pb_button et_pb_bg_layout_light et_pb_module et_flex_module" href="https://www.machupicchu-ciudadela.com/wp-content/uploads/2025/12/2013-03-01-EL-SOL.pdf" target="_blank">Ver</a></div>
</div></div>
</div>
</div>

<div class="et_pb_row_7 et_pb_row et_flex_row">
<div class="et_pb_column_11 et_pb_column et_flex_column et_pb_css_mix_blend_mode_passthrough et_flex_column_12_24 et_flex_column_12_24_tablet et_flex_column_24_24_phone">
<div class="et_pb_text_3 et_pb_text et_pb_bg_layout_light et_pb_module et_flex_module"><div class="et_pb_text_inner"><p>Una nueva polémica basada en mentiras a nivel ministerial está a punto de estallar: ¡<a href="https://www.machupicchu-ciudadela.com/es/thierry-jamin-no-tendria-titulos/">Thierry Jamin supuestamente no estudió</a>!</p>
</div></div>
</div>

<div class="et_pb_column_12 et_pb_column et-last-child et_flex_column et_pb_css_mix_blend_mode_passthrough et_flex_column_12_24 et_flex_column_12_24_tablet et_flex_column_24_24_phone">
<div class="et_pb_row_8 et_pb_row et_pb_row_nested et_flex_row">
<div class="et_pb_column_13 et_pb_column et-last-child et_flex_column et_pb_css_mix_blend_mode_passthrough et_flex_column_24_24 et_flex_column_24_24_tablet et_flex_column_24_24_phone">
<div class="et_pb_module et_pb_button_module_wrapper et_pb_button_1_wrapper"><a class="et_pb_button_1 et_pb_button et_pb_bg_layout_light et_animated et_pb_module et_flex_module" href="https://www.machupicchu-ciudadela.com/es/thierry-jamin-no-tendria-titulos/">Leer más: Al parecer, Thierry Jamin no tiene títulos académicos</a></div>
</div>
</div>
</div>
</div>
</div>

Después de semanas de controversia, Thierry Jamin recibió amenazas de muerte en su casa el martes 26 de febrero de 2013.
